t is the highest common factor of 13464 and 74448?
792
Calculate the greatest common factor of 48780 and 3540.
60
Calculate the highest common divisor of 399840 and 204.
204
Calculate the highest common factor of 192 and 50928.
48
Calculate the greatest common factor of 162899 and 649.
649
What is the greatest common divisor of 111 and 110667?
111
Calculate the greatest common divisor of 4998 and 867.
51
What is the highest common divisor of 45 and 34380?
45
Calculate the greatest common factor of 6273 and 53505.
369
Calculate the greatest common factor of 45 and 1803435.
15
What is the highest common factor of 7211400 and 101?
101
What is the greatest common divisor of 157300 and 403?
13
Calculate the highest common divisor of 22140 and 5400.
540
Calculate the highest common divisor of 12873 and 98.
7
Calculate the greatest common divisor of 210 and 26640.
30
Calculate the highest common factor of 81586 and 2938.
226
Calculate the greatest common factor of 1641813 and 6.
3
What is the highest common divisor of 116 and 1017958?
58
Calculate the highest common divisor of 9361 and 33.
11
What is the greatest common factor of 2599 and 67009?
113
What is the greatest common divisor of 542916 and 36?
36
Calculate the highest common divisor of 93 and 406317.
93
Calculate the highest common divisor of 3364 and 193430.
1682
What is the greatest common divisor of 330488 and 25288?
872
Calculate the highest common factor of 3664 and 640.
16
What is the greatest common divisor of 19680 and 603930?
1230
What is the highest common factor of 1990 and 40?
10
What is the highest common divisor of 2213424 and 48?
48
Calculate the greatest common factor of 11958 and 5736.
6
Calculate the greatest common divisor of 292925 and 50.
25
What is the greatest common factor of 228 and 1293729?
57
Calculate the greatest common factor of 264 and 91146.
66
Calculate the highest common divisor of 596 and 2561906.
298
Calculate the greatest common divisor of 162 and 200394.
162
Calculate the greatest common factor of 81 and 342549.
81
Calculate the highest common factor of 73538 and 5312.
166
What is the highest common factor of 456 and 39912?
24
Calculate the greatest common divisor of 168 and 6006056.
56
Calculate the highest common divisor of 35155 and 7505.
395
What is the greatest common divisor of 456 and 42712?
152
What is the highest common factor of 2016 and 948528?
1008
What is the highest common divisor of 107844 and 10450?
418
What is the greatest common factor of 3500 and 7500?
500
Calculate the greatest common factor of 305 and 3892715.
305
What is the greatest common divisor of 20 and 13614520?
20
Calculate the highest common factor of 803 and 26015.
11
What is the greatest common divisor of 224 and 264544?
224
Calculate the highest common factor of 2106 and 22230.
234
What is the greatest common factor of 176 and 44616?
88
What is the greatest common factor of 83 and 8881?
83
What is the greatest common factor of 4878 and 10027?
271
What is the highest common factor of 468276 and 12?
12
What is the greatest common divisor of 7463 and 135651?
439
What is the greatest common divisor of 129472 and 1734?
578
What is the greatest common factor of 4 and 252616?
4
Calculate the highest common divisor of 87 and 12557.
29
What is the greatest common factor of 345 and 94323?
69
Calculate the greatest common factor of 80 and 449104.
16
What is the highest common divisor of 147588 and 56?
28
What is the highest common factor of 276 and 8142?
138
Calculate the highest common divisor of 522039 and 168.
21
Calculate the greatest common divisor of 1953606 and 107.
107
What is the greatest common divisor of 3624 and 2568?
24
What is the greatest common factor of 48 and 130044?
12
Calculate the highest common divisor of 17 and 206839.
17
What is the greatest common factor of 9290400 and 300?
300
What is the greatest common factor of 684 and 1692?
36
Calculate the highest common divisor of 7389 and 513946.
821
What is the greatest common factor of 50 and 807550?
50
What is the highest common divisor of 8412 and 14808?
12
Calculate the highest common divisor of 1477 and 6119.
211
What is the highest common factor of 44408 and 13176?
488
Calculate the highest common divisor of 9144 and 1592.
8
Calculate the highest common divisor of 99 and 248697.
9
What is the greatest common divisor of 35 and 213605?
35
Calculate the greatest common divisor of 288 and 10200.
24
What is the greatest common divisor of 306373 and 62?
31
Calculate the greatest common divisor of 8990 and 370760.
310
What is the greatest common divisor of 464 and 134879?
29
What is the highest common divisor of 2464 and 13629?
77
Calculate the greatest common factor of 13655 and 565.
5
Calculate the greatest common divisor of 65250 and 137286.
522
Calculate the greatest common factor of 16140 and 5111.
269
What is the greatest common divisor of 565 and 1709803?
113
What is the greatest common divisor of 38 and 160360?
38
What is the highest common divisor of 13637 and 52?
13
What is the greatest common factor of 407 and 30377?
37
What is the highest common factor of 51072 and 5054?
266
Calculate the highest common factor of 95 and 6612.
19
What is the highest common factor of 9051 and 525?
21
Calculate the greatest common factor of 286 and 56144.
22
What is the highest common divisor of 66178 and 116?
58
What is the greatest common divisor of 392 and 63504?
392
What is the greatest common divisor of 7641 and 2214?
27
What is the highest common divisor of 2414 and 2176?
34
Calculate the greatest common factor of 73766 and 462.
154
Calculate the greatest common factor of 664 and 476752.
664
What is the greatest common factor of 76172 and 2224?
556
Calculate the highest common factor of 281580 and 8.
4
Calculate the greatest common divisor of 1710 and 21690.
90
Calculate the greatest common divisor of 58181 and 365.
73
Calculate the highest common factor of 1170 and 1300.
130
What is the greatest common divisor of 3096 and 9675?
387
Calculate the greatest common factor of 50643 and 72.
9
Calculate the greatest common factor of 16182 and 15438.
186
Calculate the highest common divisor of 193040 and 460.
20
What is the highest common divisor of 63 and 13972?
7
Calculate the greatest common factor of 6 and 635478.
6
What is the highest common factor of 11902 and 25344?
22
Calculate the highest common divisor of 219 and 207.
3
Calculate the highest common factor of 9 and 193.
1
What is the highest common divisor of 3532 and 652?
4
What is the highest common factor of 9 and 1743195?
3
Calculate the highest common factor of 74 and 1525177.
37
Calculate the greatest common divisor of 150 and 2398000.
50
Calculate the greatest common factor of 30 and 8000.
10
Calculate the highest common divisor of 101 and 259469.
101
Calculate the greatest common factor of 139980 and 60.
60
What is the highest common divisor of 2736 and 98?
2
What is the highest common divisor of 671073 and 78?
39
What is the highest common factor of 2 and 90197?
1
Calculate the greatest common divisor of 40 and 490968.
8
What is the highest common factor of 930105 and 33?
33
Calculate the greatest common factor of 184185 and 90.
45
What is the greatest common divisor of 165 and 1122?
33
Calculate the greatest common divisor of 630 and 86184.
126
What is the greatest common divisor of 728 and 17528?
56
Calculate the highest common factor of 273547 and 153.
17
Calculate the greatest common factor of 38610 and 2700.
270
What is the highest common factor of 212040 and 19?
19
What is the highest common divisor of 50 and 49730?
10
What is the highest common factor of 24386 and 9864?
274
Calculate the greatest common factor of 476034 and 49542.
2154
Calculate the greatest common factor of 2783 and 484.
121
Calculate the highest common factor of 875 and 750.
125
Calculate the highest common divisor of 333 and 50949.
333
Calculate the greatest common divisor of 10841 and 1591.
37
Calculate the highest common divisor of 69540 and 1586.
122
What is the greatest common factor of 10773 and 21147?
399
What is the highest common factor of 695 and 2643780?
695
Calculate the highest common factor of 130203 and 833.
17
What is the greatest common factor of 253974 and 63?